e the prime factors of 2805432479?
19, 29, 5091529
List the prime factors of 19565369.
19565369
List the prime factors of 4462091714.
2, 2231045857
What are the prime factors of 89585089?
11, 29, 73, 3847
List the prime factors of 769557001.
59, 71, 183709
What are the prime factors of 3284001?
3, 7, 52127
List the prime factors of 119708483.
47, 1319, 1931
List the prime factors of 6816246079.
37, 61, 829, 3643
List the prime factors of 51157577.
51157577
What are the prime factors of 3589779503?
211, 409, 41597
List the prime factors of 111136167.
3, 12348463
What are the prime factors of 510737874?
2, 3, 8117, 10487
What are the prime factors of 2501926356?
2, 3, 208493863
List the prime factors of 3121111960.
2, 5, 23, 281, 12073
List the prime factors of 5205898.
2, 239, 10891
What are the prime factors of 2900585803?
2900585803
List the prime factors of 1561808622.
2, 3, 11, 547, 43261
List the prime factors of 88897050.
2, 3, 5, 11, 17959
What are the prime factors of 498963355?
5, 11, 2309, 3929
What are the prime factors of 31834309?
13, 263, 9311
What are the prime factors of 56786885?
5, 17, 23, 31, 937
List the prime factors of 4260735342.
2, 3, 236707519
What are the prime factors of 118133275?
5, 13, 103, 3529
What are the prime factors of 811646495?
5, 11, 31, 476039
List the prime factors of 3047698676.
2, 11, 647, 107057
List the prime factors of 227779323.
3, 571, 132971
List the prime factors of 1314985058.
2, 657492529
What are the prime factors of 502685658?
2, 3, 3329, 8389
What are the prime factors of 928175791?
928175791
What are the prime factors of 331541316?
2, 3, 71, 43237
List the prime factors of 42560984.
2, 1601, 3323
What are the prime factors of 454910249?
454910249
List the prime factors of 438203377.
5581, 78517
What are the prime factors of 1843923091?
20983, 87877
List the prime factors of 1291869917.
13, 349, 284741
What are the prime factors of 1602962681?
59, 4801, 5659
List the prime factors of 16048524.
2, 3, 1337377
List the prime factors of 991702376.
2, 7, 61, 67, 619
What are the prime factors of 374103254?
2, 7, 691, 38671
What are the prime factors of 66292844?
2, 16573211
What are the prime factors of 5150707532?
2, 17, 3067, 24697
List the prime factors of 3137866516.
2, 784466629
What are the prime factors of 1918343465?
5, 41, 9357773
What are the prime factors of 132236121?
3, 139, 233, 1361
List the prime factors of 793183514.
2, 396591757
What are the prime factors of 286416502?
2, 31, 4619621
List the prime factors of 1514881584.
2, 3, 29, 362759
List the prime factors of 456047109.
3, 7, 523, 13841
List the prime factors of 34330161.
3, 41, 79, 3533
List the prime factors of 33453112.
2, 7, 11, 4937
List the prime factors of 469676766.
2, 3, 13, 6021497
List the prime factors of 918045135.
3, 5, 7, 17, 19, 1289
What are the prime factors of 1084659069?
3, 13, 2139367
List the prime factors of 128868674.
2, 11, 31, 188957
List the prime factors of 596197496.
2, 74524687
What are the prime factors of 75599689?
11, 19, 23, 15727
What are the prime factors of 36197945?
5, 7, 19, 29, 1877
What are the prime factors of 4712654241?
3, 67, 769, 10163
What are the prime factors of 26817583?
13, 2062891
What are the prime factors of 328305492?
2, 3, 9119597
List the prime factors of 226488618.
2, 3, 37, 340073
What are the prime factors of 509259106?
2, 17, 14978209
List the prime factors of 5804084456.
2, 3313, 218989
List the prime factors of 1300428992.
2, 251, 80953
List the prime factors of 456222254.
2, 228111127
What are the prime factors of 105905832?
2, 3, 4412743
What are the prime factors of 1765575157?
487, 3625411
What are the prime factors of 4155896?
2, 519487
List the prime factors of 2607465420.
2, 3, 5, 7, 157, 269
What are the prime factors of 1124835001?
32233, 34897
List the prime factors of 1621708339.
127, 12769357
List the prime factors of 6493736005.
5, 31, 41, 1021831
What are the prime factors of 230204610?
2, 3, 5, 29, 193, 457
List the prime factors of 229226898.
2, 3, 61, 761, 823
List the prime factors of 354021107.
11, 17, 43, 44027
List the prime factors of 231072076.
2, 23, 269, 9337
List the prime factors of 1766402785.
5, 7, 31, 307, 5303
List the prime factors of 841326260.
2, 5, 17, 2474489
List the prime factors of 416915822.
2, 19, 10971469
What are the prime factors of 83890812?
2, 3, 6990901
List the prime factors of 33887574.
2, 3, 7, 61, 4409
List the prime factors of 361834274.
2, 180917137
What are the prime factors of 95470087?
95470087
List the prime factors of 316578314.
2, 13, 113, 277, 389
What are the prime factors of 9537601598?
2, 7, 631, 1079647
List the prime factors of 9039637.
9039637
List the prime factors of 2905428775.
5, 17, 1361, 5023
List the prime factors of 185500588.
2, 7, 13, 29, 17573
What are the prime factors of 285618436?
2, 47, 719, 2113
What are the prime factors of 1075785552?
2, 3, 41, 257, 709
What are the prime factors of 1221312064?
2, 7, 191, 2039
What are the prime factors of 75285119?
7, 13, 73, 1619
List the prime factors of 719178177.
3, 19, 12617161
What are the prime factors of 167121957?
3, 4211, 13229
List the prime factors of 49241461.
2381, 20681
What are the prime factors of 2796671993?
2796671993
List the prime factors of 104224655.
5, 73, 283, 1009
List the prime factors of 164594526.
2, 3, 27432421
List the prime factors of 493058928.
2, 3, 29, 354209
List the prime factors of 170406203.
11, 317, 48869
List the prime factors of 29660074.
2, 3583, 4139
List the prime factors of 2240364114.
2, 3, 124464673
What are the prime factors of 167637163?
131, 1279673
What are the prime factors of 4237066441?
1699, 2493859
List the prime factors of 1647075743.
19, 167, 519091
What are the prime factors of 4018099774?
2, 13, 59, 2619361
List the prime factors of 1308197893.
79, 2383, 6949
List the prime factors of 28471776.
2, 3, 296581
What are the prime factors of 6215543690?
2, 5, 23, 97, 12113
What are the prime factors of 519641997?
3, 7, 24744857
What are the prime factors of 70908473?
70908473
List the prime factors of 281054185.
5, 83, 677239
List the prime factors of 89508569.
809, 110641
List the prime factors of 397924500.
2, 3, 5, 311, 853
List the prime factors of 242941004.
2, 29, 137, 15287
List the prime factors of 47238554.
2, 11, 823, 2609
List the prime factors of 349784641.
349784641
What are the prime factors of 7768038?
2, 3, 131, 9883
List the prime factors of 6347298864.
2, 3, 47, 2813519
What are the prime factors of 645918228?
2, 3, 2843, 6311
What are the prime factors of 36334477?
29, 1252913
What are the prime factors of 621165180?
2, 3, 5, 499, 20747
List the prime factors of 55402206.
2, 3, 9233701
What are the prime factors of 123726242?
2, 1097, 56393
What are the prime factors of 3477034?
2, 11, 158047
List the prime factors of 786373154.
2, 7, 56169511
What are the prime factors of 58524036?
2, 3, 4877003
List the prime factors of 43346712.
2, 3, 1806113
List the prime factors of 533147101.
4519, 117979
What are the prime factors of 19019427?
3, 7, 905687
What are the prime factors of 456114004?
2, 114028501
List the prime factors of 53136228.
2, 3, 1709, 2591
What are the prime factors of 16675382?
2, 37, 225343
List the prime factors of 286966323.
3, 7, 4555021
What are the prime factors of 89521996?
2, 19, 1177921
List the prime factors of 4453857080.
2, 5, 23, 4841149
What are the prime factors of 136562651?
3373, 40487
List the prime factors of 167419233.
3, 29, 641453
List the prime factors of 35377672.
2, 11, 193, 2083
List the prime factors of 416738294.
2, 7, 29, 1026449
What are the prime factors of 1327906736?
2, 13, 43, 148469
List the prime factors of 143608532.
2, 35902133
What are the prime factors of 6170219850?
2, 3, 5, 31, 1326929
List the prime factors of 1488016769.
173, 8601253
What are the prime factors of 3434122922?
2, 67, 257, 99719
List the prime factors of 35915906.
2, 13, 1381381
List the prime factors of 34937272.
2, 4367159
List the prime factors of 184779226.
2, 4943, 18691
What are the prime factors of 3581006085?
3, 5, 26525971
List the prime factors of 1497445014.
2, 3, 13, 1823, 10531
What are the prime factors of 91551321?
3, 241, 42209
Lis